1 is divided by 109?
14
What is the remainder when 703 is divided by 154?
87
Calculate the remainder when 93 is divided by 16.
13
Calculate the remainder when 358 is divided by 40.
38
Calculate the remainder when 803 is divided by 6.
5
Calculate the remainder when 2203 is divided by 269.
51
Calculate the remainder when 1888 is divided by 70.
68
Calculate the remainder when 355 is divided by 4.
3
What is the remainder when 1019 is divided by 17?
16
What is the remainder when 317 is divided by 8?
5
What is the remainder when 2454 is divided by 187?
23
Calculate the remainder when 3735 is divided by 42.
39
What is the remainder when 78 is divided by 62?
16
Calculate the remainder when 247 is divided by 17.
9
What is the remainder when 109 is divided by 3?
1
What is the remainder when 237 is divided by 80?
77
What is the remainder when 1737 is divided by 47?
45
What is the remainder when 4746 is divided by 22?
16
Calculate the remainder when 65 is divided by 17.
14
What is the remainder when 3307 is divided by 3296?
11
Calculate the remainder when 202 is divided by 89.
24
What is the remainder when 3571 is divided by 76?
75
What is the remainder when 1028 is divided by 49?
48
What is the remainder when 100 is divided by 28?
16
What is the remainder when 199 is divided by 64?
7
What is the remainder when 177 is divided by 14?
9
Calculate the remainder when 8427 is divided by 86.
85
Calculate the remainder when 178 is divided by 23.
17
Calculate the remainder when 147 is divided by 76.
71
What is the remainder when 1185 is divided by 291?
21
Calculate the remainder when 129 is divided by 13.
12
What is the remainder when 1318 is divided by 113?
75
Calculate the remainder when 79 is divided by 25.
4
What is the remainder when 502 is divided by 162?
16
What is the remainder when 158 is divided by 63?
32
Calculate the remainder when 1643 is divided by 540.
23
What is the remainder when 76 is divided by 43?
33
What is the remainder when 942 is divided by 916?
26
What is the remainder when 6515 is divided by 326?
321
Calculate the remainder when 8598 is divided by 12.
6
What is the remainder when 433 is divided by 44?
37
Calculate the remainder when 297 is divided by 274.
23
What is the remainder when 1085 is divided by 72?
5
What is the remainder when 1297 is divided by 258?
7
Calculate the remainder when 238 is divided by 105.
28
Calculate the remainder when 35 is divided by 32.
3
What is the remainder when 176 is divided by 13?
7
What is the remainder when 163 is divided by 49?
16
What is the remainder when 527 is divided by 66?
65
Calculate the remainder when 3279 is divided by 82.
81
What is the remainder when 429 is divided by 6?
3
What is the remainder when 68 is divided by 21?
5
What is the remainder when 749 is divided by 175?
49
What is the remainder when 87 is divided by 49?
38
Calculate the remainder when 709 is divided by 23.
19
What is the remainder when 396 is divided by 70?
46
Calculate the remainder when 31 is divided by 27.
4
Calculate the remainder when 339 is divided by 177.
162
Calculate the remainder when 15977 is divided by 122.
117
What is the remainder when 391 is divided by 129?
4
What is the remainder when 3766 is divided by 145?
141
What is the remainder when 1581 is divided by 23?
17
What is the remainder when 2915 is divided by 162?
161
What is the remainder when 182 is divided by 29?
8
What is the remainder when 575 is divided by 10?
5
What is the remainder when 310 is divided by 47?
28
Calculate the remainder when 2518 is divided by 360.
358
Calculate the remainder when 449 is divided by 219.
11
What is the remainder when 34 is divided by 14?
6
Calculate the remainder when 1090 is divided by 158.
142
Calculate the remainder when 175 is divided by 79.
17
Calculate the remainder when 5827 is divided by 1163.
12
What is the remainder when 363 is divided by 75?
63
What is the remainder when 65 is divided by 7?
2
What is the remainder when 4706 is divided by 587?
10
What is the remainder when 57 is divided by 29?
28
What is the remainder when 156 is divided by 21?
9
Calculate the remainder when 137 is divided by 12.
5
Calculate the remainder when 780 is divided by 46.
44
What is the remainder when 2127 is divided by 112?
111
Calculate the remainder when 1437 is divided by 10.
7
Calculate the remainder when 1327 is divided by 649.
29
Calculate the remainder when 125 is divided by 33.
26
Calculate the remainder when 858 is divided by 17.
8
What is the remainder when 12192 is divided by 271?
268
What is the remainder when 189 is divided by 82?
25
What is the remainder when 251 is divided by 64?
59
What is the remainder when 138 is divided by 36?
30
What is the remainder when 1451 is divided by 95?
26
Calculate the remainder when 2458 is divided by 24.
10
What is the remainder when 19 is divided by 5?
4
What is the remainder when 615 is divided by 214?
187
Calculate the remainder when 1372 is divided by 27.
22
Calculate the remainder when 572 is divided by 41.
39
What is the remainder when 1543 is divided by 24?
7
Calculate the remainder when 32 is divided by 27.
5
Calculate the remainder when 50 is divided by 17.
16
Calculate the remainder when 39 is divided by 9.
3
What is the remainder when 23 is divided by 4?
3
Calculate the remainder when 545 is divided by 28.
13
Calculate the remainder when 299 is divided by 20.
19
What is the remainder when 627 is divided by 155?
7
What is the remainder when 506 is divided by 191?
124
What is the remainder when 1499 is divided by 36?
23
What is the remainder when 165 is divided by 45?
30
Calculate the remainder when 1054 is divided by 8.
6
Calculate the remainder when 6103 is divided by 41.
35
Calculate the remainder when 578 is divided by 289.
0
Calculate the remainder when 880 is divided by 133.
82
Calculate the remainder when 63194 is divided by 28.
26
Calculate the remainder when 452 is divided by 24.
20
Calculate the remainder when 6460 is divided by 29.
22
What is the remainder when 28 is divided by 25?
3
What is the remainder when 117 is divided by 6?
3
Calculate the remainder when 98 is divided by 62.
36
Calculate the remainder when 2309 is divided by 33.
32
What is the remainder when 144 is divided by 25?
19
What is the remainder when 52 is divided by 40?
12
Calculate the remainder when 114 is divided by 12.
6
Calculate the remainder when 1857 is divided by 921.
15
What is the remainder when 3506 is divided by 15?
11
Calculate the remainder when 5918 is divided by 9.
5
What is the remainder when 3467 is divided by 29?
16
What is the remainder when 734 is divided by 84?
62
Calculate the remainder when 273 is divided by 25.
23
What is the remainder when 698 is divided by 16?
10
What is the remainder when 179 is divided by 8?
3
Calculate the remainder when 1229 is divided by 41.
40
What is the remainder when 292 is divided by 89?
25
What is the remainder when 885 is divided by 44?
5
What is the remainder when 289 is divided by 94?
7
Calculate the remainder when 379 is divided by 34.
5
What is the remainder when 271 is divided by 17?
16
What is the remainder when 388 is divided by 23?
20
Calculate the remainder when 150 is divided by 18.
6
Calculate the remainder when 3205 is divided by 356.
1
What is the remainder when 122 is divided by 40?
2
What is the remainder when 9453 is divided by 6?
3
What is the remainder when 206 is divided by 23?
22
What is the remainder when 30759 is divided by 18?
15
Calculate the remainder when 108 is divided by 36.
0
Calculate the remainder when 13601 is divided by 61.
59
What is the remainder when 6291 is divided by 28?
19
What is the remainder when 35 is divided by 27?
8
What is the remainder when 423 is divided by 25?
23
Calculate the remainder when 1340 is divided by 79.
76
Calculate the remainder when 1616 is divided by 116.
108
What is the remainder when 231 is divided by 216?
15
What is the remainder when 831 is divided by 93?
87
What is the remainder when 1474 is divided by 164?
162
Calculate the remainder when 35 is divided by 23.
12
Calculate the remainder when 649 is divided by 57.
22
What is the remainder when 155 is divided by 84?
71
What is the remainder when 1149 is divided by 377?
18
Calculate the remainder when 352 is divided by 57.